mon divisor of c and 300.
12
Let f(m) be the first derivative of m**2/2 - 4*m + 6. Let y be f(6). Suppose -y*r = -0*r - 36. Calculate the highest common factor of r and 18.
18
Let l be 2/(-4) + 31605/210. Calculate the greatest common factor of 100 and l.
50
Let f = -757 - -1013. Calculate the greatest common factor of f and 320.
64
Let j = 131 + 10. Calculate the greatest common divisor of 9 and j.
3
Suppose 177 = 2*q + 37. Suppose 0 = 194*u - 198*u + 420. Calculate the highest common divisor of q and u.
35
Let h(f) = -f**2 + 36*f + 234. Let d be h(36). Calculate the highest common divisor of 18 and d.
18
Suppose -6*q - 18 = -180. Let i = 28 - q. Calculate the greatest common factor of i and 5.
1
Let p(r) = r**2 + 6*r + 1. Suppose 2 = -g + 3. Let y be 7/(-2)*2*g. Let t be p(y). Calculate the highest common divisor of 12 and t.
4
Suppose -2*g - 4 = -u - 7, -3*g = 3*u - 9. Suppose 48 = 4*s - g*t, -8*s - t = -3*s - 53. What is the highest common divisor of 11 and s?
11
Let h(z) = -z**3 + 6*z**2 - 2*z - 3. Let c be h(4). Suppose 0 = 154*u - 149*u - 3*l - 318, 4*u + 2*l = 250. Calculate the greatest common factor of c and u.
21
Suppose 11*y + 23 = 67. Let g(t) = -t**3 + 2*t**3 - t**2 - 2*t**2 + 3*t. Let d be g(y). What is the highest common factor of d and 4?
4
Let f be 6 + -2 + (-3 - -20). Let j be (f/(-18))/7 - (-93)/18. What is the highest common divisor of j and 2?
1
Let i(o) = 3*o**2 + 5*o + 10. Let h be i(-8). Let w = h - 27. Calculate the highest common divisor of 15 and w.
15
Suppose 549 = 5*n - 396. Let s = n - 178. Calculate the highest common factor of s and 22.
11
Let t(s) = -s**2 - 18*s + 52. Let u be t(-12). What is the highest common factor of u and 186?
62
Let x = 95 - 93. Let l be (-378)/x*(3 + (-135)/35). Calculate the highest common factor of l and 18.
18
Let c = -10 - -4. Let m be 24/9 + c/9. Let y be 17 - (-2 - (1 + 0) - 2). What is the highest common factor of y and m?
2
Suppose 7*b = 3*b - 744. Let p be b/(-2) + 11 + -8. Suppose u - 15 = 9. Calculate the greatest common divisor of u and p.
24
Let u be (1 - -1)/((-56)/7 - -10). Calculate the greatest common divisor of 1 and u.
1
Suppose 0 = -2*j - 9 + 57. Let i be 1152/1344 + (-1842)/(-7). What is the highest common divisor of i and j?
24
Suppose 39*k + 735 = 42*k. What is the greatest common divisor of k and 35?
35
Suppose 0 = 5*l + 5*b - 2870, 0 = -0*l + 3*l + 5*b - 1720. Calculate the highest common factor of 23 and l.
23
Let j(y) = 3*y - 9. Let s be j(5). Suppose -x - 13 = -s. Let n = x + 21. What is the greatest common divisor of n and 98?
14
Let l be (0 + 13)/(4*5/40). Calculate the greatest common divisor of l and 78.
26
Suppose -5*z + 36 = -54. Let v be 26 + 2*(-3)/6. Let t = -16 + v. What is the highest common factor of t and z?
9
Suppose d = -3*b - 32, -3*b + 2*d = 5*d + 42. Let a = 81 + b. Calculate the highest common divisor of a and 9.
9
Suppose 2*o - 20 = -2*l, 4*l - 4*o - 47 - 17 = 0. What is the greatest common divisor of l and 403?
13
Let n = 59 + -54. Suppose -86 = -n*f - 81. What is the highest common factor of f and 1?
1
Let d = 5 + 5. Suppose 4*i + t - 1243 = 0, -5*t + 109 + 197 = i. Suppose 89 = 5*r - i. What is the greatest common factor of d and r?
10
Suppose 0 = w + 5*b - 24, 5*w - 17*b = -19*b + 97. Calculate the highest common divisor of 2128 and w.
19
Suppose 5*c - 37 = 33. Suppose 0 = -w - n - 2, 3*w - n - c = 0. Let b = w - -47. What is the highest common factor of 10 and b?
10
Let a(b) = -77*b + 1. Let f be a(-3). Let g be -1 + f/(2 + 0). Let n = g - 79. What is the highest common factor of 24 and n?
12
Let c = 50 - 44. Suppose 4*v - 14 = -c. What is the greatest common factor of 2 and v?
2
Let v be -165 - -1058 - (-1)/(1/4). What is the greatest common divisor of 52 and v?
13
Let k be -6 - -3 - 531/(-2 - -1). Suppose -k = -5*r + 3*r. What is the greatest common divisor of 33 and r?
33
Suppose 2*i - 2 - 4 = 0. Suppose i*o = 6*o - 60. What is the highest common divisor of o and 8?
4
Let i be -7 + (3/(-3) - -596). What is the greatest common divisor of 7 and i?
7
Suppose 4*o - 956 = 164. Let k = -39 - -40. Let u be (-5 + k)/(2 + 45/(-21)). Calculate the highest common factor of u and o.
28
Let g be 230/12 - 8*(-10)/(-480). What is the greatest common divisor of 1 and g?
1
Let u be -2 + 4 + (-6)/(-1). Calculate the greatest common divisor of u and 26.
2
Suppose -3*b + b = b. Suppose b = 4*z + 5*c - 8, 6 = 3*z - c + 4*c. Calculate the highest common divisor of 7 and z.
1
Let j be 561/15 - (-6)/(-15). Calculate the highest common divisor of 74 and j.
37
Let y(k) = k**3 + 14*k**2 - 35*k - 38. Let b be y(-16). What is the greatest common divisor of b and 245?
5
Suppose -q + 15 = 4*k, k - 2 = q + 3. Let i(c) = -17*c**3 - c**2. Let a be i(q). Calculate the highest common divisor of 64 and a.
16
Let f be (4/10)/(-5 - (-1414)/280). Calculate the greatest common factor of 24 and f.
8
Let u = 66 + -41. Let b = -17 + u. Let t = b - -16. Calculate the highest common factor of 16 and t.
8
Suppose -6 = -2*q + 54. Let i be (-278)/(-5) + (-18)/q. Let f = -12 + 17. Calculate the highest common factor of i and f.
5
Suppose -3*j = 4*u - 421, j - 2*u + 7*u = 122. What is the greatest common factor of 3 and j?
3
Let w = -28 + 58. Let p be ((-40)/w)/(1/(-3)). Suppose 0 = -4*z + 2*l - 3*l + 300, 0 = -z + p*l + 75. Calculate the greatest common factor of z and 25.
25
Let t be 72/180 + 2966/10. What is the highest common factor of 44 and t?
11
Let a(j) = j**3 + 9*j**2 + 7*j - 8. Let x be a(-8). Let f = 263 - 151. Suppose y + 3*y - f = x. Calculate the highest common factor of y and 4.
4
Let g(c) = 2*c**3 - 14*c**2 + 7*c - 9. Let y(i) = i**2 + 5*i - 5. Let l be y(2). Let o be g(l). What is the highest common divisor of o and 42?
42
Let t(w) = -2*w + 5. Let z be t(5). Let s = 2 + 33. Let y be (2/z)/((-7)/s). What is the highest common divisor of 2 and y?
2
Let t(q) = -q - 3. Let o be t(-8). Suppose 0 = -o*w + w + 168. Suppose 233 = 8*z + 185. Calculate the highest common factor of z and w.
6
Let z = -29 - -52. Suppose 100*o + 60*o - 26*o - 24656 = 0. What is the highest common divisor of o and z?
23
Let a = -79 + 49. Let w = a - -35. Calculate the highest common factor of 55 and w.
5
Suppose 0 = -22*c + 24*c, 1776 = 2*o - 2*c. What is the greatest common factor of 24 and o?
24
Suppose 3560 = 70*b + 19*b. Let m be (0 - -5)*(-4)/(-5). Suppose 0*y = -m*y - 4*w + 76, -3*w - 55 = -4*y. What is the highest common divisor of y and b?
8
Suppose 2*n - 4*j - 12 = 0, j - 14 = -n - j. What is the greatest common factor of 170 and n?
10
Let x(l) = -5*l - 5. Let i be x(6). Let j = -8 - i. What is the highest common divisor of 27 and j?
27
Suppose -5 = -3*p + 1. Suppose -p*n = -r + 5*r - 10, -4*r = -5*n - 31. Let x be (-516)/(-26) - 14/(-91). Calculate the greatest common divisor of r and x.
4
Let z = 623 + -413. Calculate the highest common factor of z and 42.
42
Suppose 0 = -2*o + 3911 + 207. What is the highest common factor of 71 and o?
71
Let w = 1125 - 981. Let c(v) = 2*v**3 - 6*v**2 - 4. Let o be c(5). Calculate the greatest common factor of o and w.
48
Let f = 511 - 367. What is the greatest common factor of f and 18?
18
Let f(i) = -11*i + 39. Let j be f(-3). Calculate the greatest common factor of j and 9.
9
Let d be (-9)/(-7) + (-4)/14 + 94. What is the highest common factor of 5 and d?
5
Let i be (-17 - 1)/(8 + (-95)/10). Calculate the highest common divisor of i and 204.
12
Let k = -184 + 260. Calculate the highest common factor of 19 and k.
19
Let u = -29 + 54. Let w = u - 16. Let y be (10/3 + -3)*w. What is the greatest common factor of y and 24?
3
Suppose -u - 4*u - 35 = -5*i, 15 = -5*i - 5*u. Suppose -240 = i*j - 5*j. Calculate the greatest common divisor of j and 10.
10
Let g(u) = 5*u + 68. Let d be g(-11). Calculate the highest common factor of 325 and d.
13
Let j be (-1375)/(-9) - ((-249)/27 - -9). What is the highest common divisor of j and 3?
3
Suppose 3*v - 8*v + 2858 = 2*i, -4*i + 16 = 0. What is the greatest common divisor of 6 and v?
6
Let p(m) = m**2 - 13*m + 26. Let u be p(12). Suppose -3*q = -3*o + 177, -2*o - 4*q + 49 = -51. What is the greatest common divisor of u and o?
14
Suppose 2*a + 5*s - 448 = 0, 5*a = s + 2*s + 1182. What is the greatest common div